{"id":24366,"date":"2020-11-10T05:00:33","date_gmt":"2020-11-10T05:00:33","guid":{"rendered":"https:\/\/remzisekerci.com\/all-courses\/"},"modified":"2023-12-20T13:22:45","modified_gmt":"2023-12-20T13:22:45","slug":"galeri","status":"publish","type":"page","link":"https:\/\/remzisekerci.com\/?page_id=24366","title":{"rendered":"Galeri"},"content":{"rendered":"\n\n\t<h1>\n\t\t\t\tGaleri\n\t\t\t<\/h1>\n\t<div class=\"ast-breadcrumbs-wrapper\">\r\n\t\t\t<div class=\"ast-breadcrumbs-inner\"><nav role=\"navigation\" aria-label=\"Ba\u011flant\u0131 haritas\u0131\" class=\"breadcrumb-trail breadcrumbs\" ><div class=\"ast-breadcrumbs\"><ul class=\"trail-items\" ><li  class=\"trail-item trail-end\"><span><a href=\"https:\/\/remzisekerci.com\" rel=\"home\"><span >Ana sayfa<\/span><\/a><\/span><\/li><\/ul><\/div><\/nav><\/div>\r\n\t\t<\/div>\n\n","protected":false},"excerpt":{"rendered":"","protected":false},"author":1,"featured_media":0,"parent":0,"menu_order":0,"comment_status":"closed","ping_status":"closed","template":"","meta":{"_uag_custom_page_level_css":"","site-sidebar-layout":"no-sidebar","site-content-layout":"page-builder","ast-site-content-layout":"full-width-container","site-content-style":"unboxed","site-sidebar-style":"unboxed","ast-global-header-display":"","ast-banner-title-visibility":"","ast-main-header-display":"","ast-hfb-above-header-display":"","ast-hfb-below-header-display":"","ast-hfb-mobile-header-display":"","site-post-title":"disabled","ast-breadcrumbs-content":"","ast-featured-img":"disabled","footer-sml-layout":"","theme-transparent-header-meta":"default","adv-header-id-meta":"","stick-header-meta":"","header-above-stick-meta":"","header-main-stick-meta":"","header-below-stick-meta":"","astra-migrate-meta-layouts":"set","ast-page-background-enabled":"default","ast-page-background-meta":{"desktop":{"background-color":"","background-image":"","background-repeat":"repeat","background-position":"center center","background-size":"auto","background-attachment":"scroll","background-type":"","background-media":"","overlay-type":"","overlay-color":"","overlay-gradient":""},"tablet":{"background-color":"","background-image":"","background-repeat":"repeat","background-position":"center center","background-size":"auto","background-attachment":"scroll","background-type":"","background-media":"","overlay-type":"","overlay-color":"","overlay-gradient":""},"mobile":{"background-color":"","background-image":"","background-repeat":"repeat","background-position":"center center","background-size":"auto","background-attachment":"scroll","background-type":"","background-media":"","overlay-type":"","overlay-color":"","overlay-gradient":""}},"ast-content-background-meta":{"desktop":{"background-color":"var(--ast-global-color-5)","background-image":"","background-repeat":"repeat","background-position":"center center","background-size":"auto","background-attachment":"scroll","background-type":"","background-media":"","overlay-type":"","overlay-color":"","overlay-gradient":""},"tablet":{"background-color":"var(--ast-global-color-5)","background-image":"","background-repeat":"repeat","background-position":"center center","background-size":"auto","background-attachment":"scroll","background-type":"","background-media":"","overlay-type":"","overlay-color":"","overlay-gradient":""},"mobile":{"background-color":"var(--ast-global-color-5)","background-image":"","background-repeat":"repeat","background-position":"center center","background-size":"auto","background-attachment":"scroll","background-type":"","background-media":"","overlay-type":"","overlay-color":"","overlay-gradient":""}},"_joinchat":[],"footnotes":""},"class_list":["post-24366","page","type-page","status-publish","hentry"],"yoast_head":"<!-- This site is optimized with the Yoast SEO plugin v21.6 - https:\/\/yoast.com\/wordpress\/plugins\/seo\/ -->\n<title>Galeri - Remzi \u015eEKERC\u0130<\/title>\n<meta name=\"robots\" content=\"index, follow, max-snippet:-1, max-image-preview:large, max-video-preview:-1\" \/>\n<link rel=\"canonical\" href=\"https:\/\/remzisekerci.com\/?page_id=24366\" \/>\n<meta property=\"og:locale\" content=\"tr_TR\" \/>\n<meta property=\"og:type\" content=\"article\" \/>\n<meta property=\"og:title\" content=\"Galeri - Remzi \u015eEKERC\u0130\" \/>\n<meta property=\"og:url\" content=\"https:\/\/remzisekerci.com\/?page_id=24366\" \/>\n<meta property=\"og:site_name\" content=\"Remzi \u015eEKERC\u0130\" \/>\n<meta property=\"article:modified_time\" content=\"2023-12-20T13:22:45+00:00\" \/>\n<meta name=\"twitter:card\" content=\"summary_large_image\" \/>\n<meta name=\"twitter:label1\" content=\"Tahmini okuma s\u00fcresi\" \/>\n\t<meta name=\"twitter:data1\" content=\"1 dakika\" \/>\n<script type=\"application\/ld+json\" class=\"yoast-schema-graph\">{\"@context\":\"https:\/\/schema.org\",\"@graph\":[{\"@type\":\"WebPage\",\"@id\":\"https:\/\/remzisekerci.com\/?page_id=24366\",\"url\":\"https:\/\/remzisekerci.com\/?page_id=24366\",\"name\":\"Galeri - Remzi \u015eEKERC\u0130\",\"isPartOf\":{\"@id\":\"https:\/\/remzisekerci.com\/#website\"},\"datePublished\":\"2020-11-10T05:00:33+00:00\",\"dateModified\":\"2023-12-20T13:22:45+00:00\",\"breadcrumb\":{\"@id\":\"https:\/\/remzisekerci.com\/?page_id=24366#breadcrumb\"},\"inLanguage\":\"tr\",\"potentialAction\":[{\"@type\":\"ReadAction\",\"target\":[\"https:\/\/remzisekerci.com\/?page_id=24366\"]}]},{\"@type\":\"BreadcrumbList\",\"@id\":\"https:\/\/remzisekerci.com\/?page_id=24366#breadcrumb\",\"itemListElement\":[{\"@type\":\"ListItem\",\"position\":1,\"name\":\"Anasayfa\",\"item\":\"https:\/\/remzisekerci.com\/\"},{\"@type\":\"ListItem\",\"position\":2,\"name\":\"Galeri\"}]},{\"@type\":\"WebSite\",\"@id\":\"https:\/\/remzisekerci.com\/#website\",\"url\":\"https:\/\/remzisekerci.com\/\",\"name\":\"Remzi \u015eEKERC\u0130\",\"description\":\"\u015eimdi Akhisar \u0130\u00e7in...\",\"publisher\":{\"@id\":\"https:\/\/remzisekerci.com\/#organization\"},\"potentialAction\":[{\"@type\":\"SearchAction\",\"target\":{\"@type\":\"EntryPoint\",\"urlTemplate\":\"https:\/\/remzisekerci.com\/?s={search_term_string}\"},\"query-input\":\"required name=search_term_string\"}],\"inLanguage\":\"tr\"},{\"@type\":\"Organization\",\"@id\":\"https:\/\/remzisekerci.com\/#organization\",\"name\":\"Remzi \u015eEKERC\u0130\",\"url\":\"https:\/\/remzisekerci.com\/\",\"logo\":{\"@type\":\"ImageObject\",\"inLanguage\":\"tr\",\"@id\":\"https:\/\/remzisekerci.com\/#\/schema\/logo\/image\/\",\"url\":\"https:\/\/remzisekerci.com\/wp-content\/uploads\/2023\/12\/cropped-cropped-Basliksiz-9.png\",\"contentUrl\":\"https:\/\/remzisekerci.com\/wp-content\/uploads\/2023\/12\/cropped-cropped-Basliksiz-9.png\",\"width\":2050,\"height\":596,\"caption\":\"Remzi \u015eEKERC\u0130\"},\"image\":{\"@id\":\"https:\/\/remzisekerci.com\/#\/schema\/logo\/image\/\"}}]}<\/script>\n<!-- \/ Yoast SEO plugin. -->","yoast_head_json":{"title":"Galeri - Remzi \u015eEKERC\u0130","robots":{"index":"index","follow":"follow","max-snippet":"max-snippet:-1","max-image-preview":"max-image-preview:large","max-video-preview":"max-video-preview:-1"},"canonical":"https:\/\/remzisekerci.com\/?page_id=24366","og_locale":"tr_TR","og_type":"article","og_title":"Galeri - Remzi \u015eEKERC\u0130","og_url":"https:\/\/remzisekerci.com\/?page_id=24366","og_site_name":"Remzi \u015eEKERC\u0130","article_modified_time":"2023-12-20T13:22:45+00:00","twitter_card":"summary_large_image","twitter_misc":{"Tahmini okuma s\u00fcresi":"1 dakika"},"schema":{"@context":"https:\/\/schema.org","@graph":[{"@type":"WebPage","@id":"https:\/\/remzisekerci.com\/?page_id=24366","url":"https:\/\/remzisekerci.com\/?page_id=24366","name":"Galeri - Remzi \u015eEKERC\u0130","isPartOf":{"@id":"https:\/\/remzisekerci.com\/#website"},"datePublished":"2020-11-10T05:00:33+00:00","dateModified":"2023-12-20T13:22:45+00:00","breadcrumb":{"@id":"https:\/\/remzisekerci.com\/?page_id=24366#breadcrumb"},"inLanguage":"tr","potentialAction":[{"@type":"ReadAction","target":["https:\/\/remzisekerci.com\/?page_id=24366"]}]},{"@type":"BreadcrumbList","@id":"https:\/\/remzisekerci.com\/?page_id=24366#breadcrumb","itemListElement":[{"@type":"ListItem","position":1,"name":"Anasayfa","item":"https:\/\/remzisekerci.com\/"},{"@type":"ListItem","position":2,"name":"Galeri"}]},{"@type":"WebSite","@id":"https:\/\/remzisekerci.com\/#website","url":"https:\/\/remzisekerci.com\/","name":"Remzi \u015eEKERC\u0130","description":"\u015eimdi Akhisar \u0130\u00e7in...","publisher":{"@id":"https:\/\/remzisekerci.com\/#organization"},"potentialAction":[{"@type":"SearchAction","target":{"@type":"EntryPoint","urlTemplate":"https:\/\/remzisekerci.com\/?s={search_term_string}"},"query-input":"required name=search_term_string"}],"inLanguage":"tr"},{"@type":"Organization","@id":"https:\/\/remzisekerci.com\/#organization","name":"Remzi \u015eEKERC\u0130","url":"https:\/\/remzisekerci.com\/","logo":{"@type":"ImageObject","inLanguage":"tr","@id":"https:\/\/remzisekerci.com\/#\/schema\/logo\/image\/","url":"https:\/\/remzisekerci.com\/wp-content\/uploads\/2023\/12\/cropped-cropped-Basliksiz-9.png","contentUrl":"https:\/\/remzisekerci.com\/wp-content\/uploads\/2023\/12\/cropped-cropped-Basliksiz-9.png","width":2050,"height":596,"caption":"Remzi \u015eEKERC\u0130"},"image":{"@id":"https:\/\/remzisekerci.com\/#\/schema\/logo\/image\/"}}]}},"uagb_featured_image_src":{"full":false,"thumbnail":false,"medium":false,"medium_large":false,"large":false,"1536x1536":false,"2048x2048":false},"uagb_author_info":{"display_name":"admin","author_link":"https:\/\/remzisekerci.com\/?author=1"},"uagb_comment_info":0,"uagb_excerpt":null,"_links":{"self":[{"href":"https:\/\/remzisekerci.com\/index.php?rest_route=\/wp\/v2\/pages\/24366","targetHints":{"allow":["GET"]}}],"collection":[{"href":"https:\/\/remzisekerci.com\/index.php?rest_route=\/wp\/v2\/pages"}],"about":[{"href":"https:\/\/remzisekerci.com\/index.php?rest_route=\/wp\/v2\/types\/page"}],"author":[{"embeddable":true,"href":"https:\/\/remzisekerci.com\/index.php?rest_route=\/wp\/v2\/users\/1"}],"replies":[{"embeddable":true,"href":"https:\/\/remzisekerci.com\/index.php?rest_route=%2Fwp%2Fv2%2Fcomments&post=24366"}],"version-history":[{"count":12,"href":"https:\/\/remzisekerci.com\/index.php?rest_route=\/wp\/v2\/pages\/24366\/revisions"}],"predecessor-version":[{"id":25606,"href":"https:\/\/remzisekerci.com\/index.php?rest_route=\/wp\/v2\/pages\/24366\/revisions\/25606"}],"wp:attachment":[{"href":"https:\/\/remzisekerci.com\/index.php?rest_route=%2Fwp%2Fv2%2Fmedia&parent=24366"}],"curies":[{"name":"wp","href":"https:\/\/api.w.org\/{rel}","templated":true}]}}