{"id":25107,"date":"2023-11-27T19:49:36","date_gmt":"2023-11-27T19:49:36","guid":{"rendered":"https:\/\/remzisekerci.com\/?page_id=25107"},"modified":"2023-12-14T14:44:39","modified_gmt":"2023-12-14T14:44:39","slug":"basinda-biz","status":"publish","type":"page","link":"https:\/\/remzisekerci.com\/?page_id=25107","title":{"rendered":"Bas\u0131nda Biz"},"content":{"rendered":"\n\n\t<h1>\n\t\t\t\tBas\u0131nda Biz\n\t\t\t<\/h1>\n\t<div class=\"ast-breadcrumbs-wrapper\">\r\n\t\t\t<div class=\"ast-breadcrumbs-inner\"><nav role=\"navigation\" aria-label=\"Ba\u011flant\u0131 haritas\u0131\" class=\"breadcrumb-trail breadcrumbs\" ><div class=\"ast-breadcrumbs\"><ul class=\"trail-items\" ><li  class=\"trail-item trail-end\"><span><a href=\"https:\/\/remzisekerci.com\" rel=\"home\"><span >Ana sayfa<\/span><\/a><\/span><\/li><\/ul><\/div><\/nav><\/div>\r\n\t\t<\/div>\n\t\t\t\t\t\t\t\t\t\t\t\t\t\t<a href=\"https:\/\/remzisekerci.com\/bu-secimin-ulkemize-sehrimize-ve-mahallemize-hayirli-olmasini-diliyorum\/\" target=\"_self\" title=\"1994 Yerel se\u00e7imin \u00fclkemize, \u015fehrimize ve mahallemize hay\u0131rl\u0131 olmas\u0131n\u0131 diliyorum\" rel=\"noopener\">\n\t\t\t\t<img decoding=\"async\" src=\"https:\/\/remzisekerci.com\/wp-content\/uploads\/2023\/12\/WhatsApp-Image-2023-12-12-at-16.36.38.jpeg\" alt=\"\" \/>\n\t\t\t\t<\/a>\n\t\t\t\t\t\t<h6>\n\t\t\t\t<a href=https:\/\/remzisekerci.com\/bu-secimin-ulkemize-sehrimize-ve-mahallemize-hayirli-olmasini-diliyorum\/ title=\"1994 Yerel se\u00e7imin \u00fclkemize, \u015fehrimize ve mahallemize hay\u0131rl\u0131 olmas\u0131n\u0131 diliyorum\" tabindex=\"0\">1994 Yerel se\u00e7imin \u00fclkemize, \u015fehrimize ve mahallemize hay\u0131rl\u0131 olmas\u0131n\u0131 diliyorum<\/a>\t\t\t<\/h6>\n\t\t\t<a href=\"https:\/\/remzisekerci.com\/bu-secimin-ulkemize-sehrimize-ve-mahallemize-hayirli-olmasini-diliyorum\/\" target=\"_self\" rel=\"noopener\">Haberi Oku &#8594;<\/a>\t\t\n\t\t\t\t\t\t\t\t\t\t\t\t\t\t<a href=\"https:\/\/remzisekerci.com\/muhtarliga-talep-cogaldi\/\" target=\"_self\" title=\"Muhtarl\u0131\u011fa Talep \u00c7o\u011fald\u0131\" rel=\"noopener\">\n\t\t\t\t<img decoding=\"async\" src=\"https:\/\/remzisekerci.com\/wp-content\/uploads\/2023\/12\/ozluk-haklarindaki-iyilestirme-muhtarliga-talebi-yukselttie8.jpg\" alt=\"\" \/>\n\t\t\t\t<\/a>\n\t\t\t\t\t\t<h6>\n\t\t\t\t<a href=https:\/\/remzisekerci.com\/muhtarliga-talep-cogaldi\/ title=\"Muhtarl\u0131\u011fa Talep \u00c7o\u011fald\u0131\" tabindex=\"0\">Muhtarl\u0131\u011fa Talep \u00c7o\u011fald\u0131<\/a>\t\t\t<\/h6>\n\t\t\t<a href=\"https:\/\/remzisekerci.com\/muhtarliga-talep-cogaldi\/\" target=\"_self\" rel=\"noopener\">Haberi Oku &#8594;<\/a>\t\t\n\t\t\t\t\t\t\t\t\t\t\t\t\t\t<a href=\"https:\/\/remzisekerci.com\/degirmicem-mahalle-muhtari-gazilik-seref-madalyasi\/\" target=\"_self\" title=\"De\u011firmi\u00e7em Mahalle Muhtar\u0131na Gazilik \u015eeref Madalyas\u0131\" rel=\"noopener\">\n\t\t\t\t<img decoding=\"async\" src=\"https:\/\/remzisekerci.com\/wp-content\/uploads\/2023\/12\/4.png\" alt=\"\" \/>\n\t\t\t\t<\/a>\n\t\t\t\t\t\t<h6>\n\t\t\t\t<a href=https:\/\/remzisekerci.com\/degirmicem-mahalle-muhtari-gazilik-seref-madalyasi\/ title=\"De\u011firmi\u00e7em Mahalle Muhtar\u0131na Gazilik \u015eeref Madalyas\u0131\" tabindex=\"0\">De\u011firmi\u00e7em Mahalle Muhtar\u0131na Gazilik \u015eeref Madalyas\u0131<\/a>\t\t\t<\/h6>\n\t\t\t<a href=\"https:\/\/remzisekerci.com\/degirmicem-mahalle-muhtari-gazilik-seref-madalyasi\/\" target=\"_self\" rel=\"noopener\">Haberi Oku &#8594;<\/a>\t\t\n\t\t\t\t\t\t\t\t\t\t\t\t\t\t<a href=\"https:\/\/remzisekerci.com\/degirmicem-mahalle-muhtari-muhammet-sinasi-yilmaz-yeniden-aday-oldugunu-acikladi\/\" target=\"_self\" title=\"De\u011firmi\u00e7em Mahalle Muhtar\u0131 Muhammet \u015einasi YILMAZ Yeniden Aday Oldu\u011funu A\u00e7\u0131klad\u0131\" rel=\"noopener\">\n\t\t\t\t<img decoding=\"async\" src=\"https:\/\/remzisekerci.com\/wp-content\/uploads\/2023\/12\/5.png\" alt=\"\" \/>\n\t\t\t\t<\/a>\n\t\t\t\t\t\t<h6>\n\t\t\t\t<a href=https:\/\/remzisekerci.com\/degirmicem-mahalle-muhtari-muhammet-sinasi-yilmaz-yeniden-aday-oldugunu-acikladi\/ title=\"De\u011firmi\u00e7em Mahalle Muhtar\u0131 Muhammet \u015einasi YILMAZ Yeniden Aday Oldu\u011funu A\u00e7\u0131klad\u0131\" tabindex=\"0\">De\u011firmi\u00e7em Mahalle Muhtar\u0131 Muhammet \u015einasi YILMAZ Yeniden Aday Oldu\u011funu A\u00e7\u0131klad\u0131<\/a>\t\t\t<\/h6>\n\t\t\t<a href=\"https:\/\/remzisekerci.com\/degirmicem-mahalle-muhtari-muhammet-sinasi-yilmaz-yeniden-aday-oldugunu-acikladi\/\" target=\"_self\" rel=\"noopener\">Haberi Oku &#8594;<\/a>\t\t\n\t\t\t\t\t\t\t\t\t\t\t\t\t\t<a href=\"https:\/\/remzisekerci.com\/yilmazdegirmicem-mahallemiz-ilimizin-ilk-imarli-mahallelerindendir\/\" target=\"_self\" title=\"Y\u0131lmaz;De\u011firmi\u00e7em Mahallemiz ilimizin ilk imarl\u0131 mahallelerindendir.\" rel=\"noopener\">\n\t\t\t\t<img decoding=\"async\" src=\"https:\/\/remzisekerci.com\/wp-content\/uploads\/2023\/12\/WhatsApp-Image-2023-12-12-at-16.13.43.jpeg\" alt=\"\" \/>\n\t\t\t\t<\/a>\n\t\t\t\t\t\t<h6>\n\t\t\t\t<a href=https:\/\/remzisekerci.com\/yilmazdegirmicem-mahallemiz-ilimizin-ilk-imarli-mahallelerindendir\/ title=\"Y\u0131lmaz;De\u011firmi\u00e7em Mahallemiz ilimizin ilk imarl\u0131 mahallelerindendir.\" tabindex=\"0\">Y\u0131lmaz;De\u011firmi\u00e7em Mahallemiz ilimizin ilk imarl\u0131 mahallelerindendir.<\/a>\t\t\t<\/h6>\n\t\t\t<a href=\"https:\/\/remzisekerci.com\/yilmazdegirmicem-mahallemiz-ilimizin-ilk-imarli-mahallelerindendir\/\" target=\"_self\" rel=\"noopener\">Haberi Oku &#8594;<\/a>\t\t\n\t\t\t\t\t\t\t\t\t\t\t\t\t\t<a href=\"https:\/\/remzisekerci.com\/imar-plani-duzensiz\/\" target=\"_self\" title=\"\u0130mar plan\u0131 d\u00fczensiz\" rel=\"noopener\">\n\t\t\t\t<img decoding=\"async\" src=\"https:\/\/remzisekerci.com\/wp-content\/uploads\/2023\/12\/10.png\" alt=\"\" \/>\n\t\t\t\t<\/a>\n\t\t\t\t\t\t<h6>\n\t\t\t\t<a href=https:\/\/remzisekerci.com\/imar-plani-duzensiz\/ title=\"\u0130mar plan\u0131 d\u00fczensiz\" tabindex=\"0\">\u0130mar plan\u0131 d\u00fczensiz<\/a>\t\t\t<\/h6>\n\t\t\t<a href=\"https:\/\/remzisekerci.com\/imar-plani-duzensiz\/\" target=\"_self\" rel=\"noopener\">Haberi Oku &#8594;<\/a>\t\t\n\t\t\t\t\t\t\t\t\t\t\t\t\t\t<a href=\"https:\/\/remzisekerci.com\/degirmicem-mahallesinin-tanitimi-degirmicem-mahalle-muhtari-muhammet-sinasi-yilmaz-mega-tv\/\" target=\"_self\" title=\"De\u011firmi\u00e7em Mahallesinin Tan\u0131t\u0131m\u0131 De\u011firmi\u00e7em Mahalle Muhtar\u0131 Muhammet \u015einasi Y\u0131lmaz Mega Tv\" rel=\"noopener\">\n\t\t\t\t<img decoding=\"async\" src=\"https:\/\/remzisekerci.com\/wp-content\/uploads\/2023\/12\/Ekran-Alintisi.png\" alt=\"\" \/>\n\t\t\t\t<\/a>\n\t\t\t\t\t\t<h6>\n\t\t\t\t<a href=https:\/\/remzisekerci.com\/degirmicem-mahallesinin-tanitimi-degirmicem-mahalle-muhtari-muhammet-sinasi-yilmaz-mega-tv\/ title=\"De\u011firmi\u00e7em Mahallesinin Tan\u0131t\u0131m\u0131 De\u011firmi\u00e7em Mahalle Muhtar\u0131 Muhammet \u015einasi Y\u0131lmaz Mega Tv\" tabindex=\"0\">De\u011firmi\u00e7em Mahallesinin Tan\u0131t\u0131m\u0131 De\u011firmi\u00e7em Mahalle Muhtar\u0131 Muhammet \u015einasi Y\u0131lmaz Mega Tv<\/a>\t\t\t<\/h6>\n\t\t\t<a href=\"https:\/\/remzisekerci.com\/degirmicem-mahallesinin-tanitimi-degirmicem-mahalle-muhtari-muhammet-sinasi-yilmaz-mega-tv\/\" target=\"_self\" rel=\"noopener\">Haberi Oku &#8594;<\/a>\t\t\n\t\t\t\t\t\t\t\t\t\t\t\t\t\t<a href=\"https:\/\/remzisekerci.com\/25264-2\/\" target=\"_self\" talebi rel=\"noopener\">\n\t\t\t\t<img decoding=\"async\" src=\"https:\/\/remzisekerci.com\/wp-content\/uploads\/2023\/12\/dogru-haber.png\" alt=\"\" \/>\n\t\t\t\t<\/a>\n\t\t\t\t\t\t<h6>\n\t\t\t\t<a href=https:\/\/remzisekerci.com\/25264-2\/ title=\"\"\u00d6zl\u00fck haklar\u0131ndaki iyile\u015ftirme muhtarl\u0131\u011fa talebi y\u00fckseltti\"\" tabindex=\"0\">&#8220;\u00d6zl\u00fck haklar\u0131ndaki iyile\u015ftirme muhtarl\u0131\u011fa talebi y\u00fckseltti&#8221;<\/a>\t\t\t<\/h6>\n\t\t\t<a href=\"https:\/\/remzisekerci.com\/25264-2\/\" target=\"_self\" rel=\"noopener\">Haberi Oku &#8594;<\/a>\t\t\n\t\t\t\t\t\t\t\t\t\t\t\t\t\t<a href=\"https:\/\/remzisekerci.com\/degirmicemdeki-taziye-evi-hizmete-hazir-milliyet-gazetesi\/\" target=\"_self\" title=\"De\u011firmi\u00e7em&#8217;deki Taziye Evi Hizmete Haz\u0131r Milliyet Gazetesi\" rel=\"noopener\">\n\t\t\t\t<img decoding=\"async\" src=\"https:\/\/remzisekerci.com\/wp-content\/uploads\/2023\/12\/milliyet-1.png\" alt=\"\" \/>\n\t\t\t\t<\/a>\n\t\t\t\t\t\t<h6>\n\t\t\t\t<a href=https:\/\/remzisekerci.com\/degirmicemdeki-taziye-evi-hizmete-hazir-milliyet-gazetesi\/ title=\"De\u011firmi\u00e7em&#8217;deki Taziye Evi Hizmete Haz\u0131r Milliyet Gazetesi\" tabindex=\"0\">De\u011firmi\u00e7em&#8217;deki Taziye Evi Hizmete Haz\u0131r Milliyet Gazetesi<\/a>\t\t\t<\/h6>\n\t\t\t<a href=\"https:\/\/remzisekerci.com\/degirmicemdeki-taziye-evi-hizmete-hazir-milliyet-gazetesi\/\" target=\"_self\" rel=\"noopener\">Haberi Oku &#8594;<\/a>\t\t\n\t\t\t\t\t\t\t\t\t\t\t\t\t\t<a href=\"https:\/\/remzisekerci.com\/modern-gaziantepin-modern-mahalle-muhtari-gaziantep-sabah-gazetesi\/\" target=\"_self\" title=\"Modern Gaziantep'in modern mahalle muhtar\u0131 Gaziantep Sabah Gazetesi\" rel=\"noopener\">\n\t\t\t\t<img decoding=\"async\" src=\"https:\/\/remzisekerci.com\/wp-content\/uploads\/2023\/12\/sabah-modern-Alintisi.png\" alt=\"\" \/>\n\t\t\t\t<\/a>\n\t\t\t\t\t\t<h6>\n\t\t\t\t<a href=https:\/\/remzisekerci.com\/modern-gaziantepin-modern-mahalle-muhtari-gaziantep-sabah-gazetesi\/ title=\"Modern Gaziantep'in modern mahalle muhtar\u0131 Gaziantep Sabah Gazetesi\" tabindex=\"0\">Modern Gaziantep&#8217;in modern mahalle muhtar\u0131 Gaziantep Sabah Gazetesi<\/a>\t\t\t<\/h6>\n\t\t\t<a href=\"https:\/\/remzisekerci.com\/modern-gaziantepin-modern-mahalle-muhtari-gaziantep-sabah-gazetesi\/\" target=\"_self\" rel=\"noopener\">Haberi Oku &#8594;<\/a>\t\t\n\t\t\t\t\t\t\t\t\t\t\t\t\t\t<a href=\"https:\/\/remzisekerci.com\/degirmicem-sosyal-tesisinin-kaba-insaati-tamamlandi-referans-gazetesi\/\" target=\"_self\" title=\"De\u011firmi\u00e7em sosyal tesisinin kaba in\u015faat\u0131 tamamland\u0131 Referans Gazetesi\" rel=\"noopener\">\n\t\t\t\t<img decoding=\"async\" src=\"https:\/\/remzisekerci.com\/wp-content\/uploads\/2023\/12\/referans.png\" alt=\"\" \/>\n\t\t\t\t<\/a>\n\t\t\t\t\t\t<h6>\n\t\t\t\t<a href=https:\/\/remzisekerci.com\/degirmicem-sosyal-tesisinin-kaba-insaati-tamamlandi-referans-gazetesi\/ title=\"De\u011firmi\u00e7em sosyal tesisinin kaba in\u015faat\u0131 tamamland\u0131 Referans Gazetesi\" tabindex=\"0\">De\u011firmi\u00e7em sosyal tesisinin kaba in\u015faat\u0131 tamamland\u0131 Referans Gazetesi<\/a>\t\t\t<\/h6>\n\t\t\t<a href=\"https:\/\/remzisekerci.com\/degirmicem-sosyal-tesisinin-kaba-insaati-tamamlandi-referans-gazetesi\/\" target=\"_self\" rel=\"noopener\">Haberi Oku &#8594;<\/a>\t\t\n\t\t\t\t\t\t\t\t\t\t\t\t\t\t<a href=\"https:\/\/remzisekerci.com\/kurumsal-muhtarlik-gaziantep-dogus-gazetesi\/\" target=\"_self\" title=\"Kurumsal Muhtarl\u0131k Gaziantep Do\u011fu\u015f Gazetesi\" rel=\"noopener\">\n\t\t\t\t<img decoding=\"async\" src=\"https:\/\/remzisekerci.com\/wp-content\/uploads\/2023\/12\/dogus-gazate-kurumsal-muhtarlik-1-1.jpg\" alt=\"\" \/>\n\t\t\t\t<\/a>\n\t\t\t\t\t\t<h6>\n\t\t\t\t<a href=https:\/\/remzisekerci.com\/kurumsal-muhtarlik-gaziantep-dogus-gazetesi\/ title=\"Kurumsal Muhtarl\u0131k Gaziantep Do\u011fu\u015f Gazetesi\" tabindex=\"0\">Kurumsal Muhtarl\u0131k Gaziantep Do\u011fu\u015f Gazetesi<\/a>\t\t\t<\/h6>\n\t\t\t<a href=\"https:\/\/remzisekerci.com\/kurumsal-muhtarlik-gaziantep-dogus-gazetesi\/\" target=\"_self\" rel=\"noopener\">Haberi Oku &#8594;<\/a>\t\t\n\t\t\t\t\t\t\t\t\t\t\t\t\t\t<a href=\"https:\/\/remzisekerci.com\/bu-millet-uyandi-degirmicem-incilipinar-mahallesi-muhtari\/\" target=\"_self\" title=\"Bu Millet  Uyand\u0131 ! De\u011firmi\u00e7em \u0130ncilip\u0131nar Mahallesi Muhtar\u0131\" rel=\"noopener\">\n\t\t\t\t<img decoding=\"async\" src=\"https:\/\/remzisekerci.com\/wp-content\/uploads\/2023\/12\/gazete-32.jpg\" alt=\"\" \/>\n\t\t\t\t<\/a>\n\t\t\t\t\t\t<h6>\n\t\t\t\t<a href=https:\/\/remzisekerci.com\/bu-millet-uyandi-degirmicem-incilipinar-mahallesi-muhtari\/ title=\"Bu Millet  Uyand\u0131 ! De\u011firmi\u00e7em \u0130ncilip\u0131nar Mahallesi Muhtar\u0131\" tabindex=\"0\">Bu Millet  Uyand\u0131 ! De\u011firmi\u00e7em \u0130ncilip\u0131nar Mahallesi Muhtar\u0131<\/a>\t\t\t<\/h6>\n\t\t\t<a href=\"https:\/\/remzisekerci.com\/bu-millet-uyandi-degirmicem-incilipinar-mahallesi-muhtari\/\" target=\"_self\" rel=\"noopener\">Haberi Oku &#8594;<\/a>\t\t\n\t\t\t\t\t\t\t\t\t\t\t\t\t\t<a href=\"https:\/\/remzisekerci.com\/metropol-gazetesi\/\" target=\"_self\" title=\"Metropol Gazetesi\" rel=\"noopener\">\n\t\t\t\t<img decoding=\"async\" src=\"https:\/\/remzisekerci.com\/wp-content\/uploads\/2023\/12\/bu-millet-uyandi-gazete-2.jpg\" alt=\"\" \/>\n\t\t\t\t<\/a>\n\t\t\t\t\t\t<h6>\n\t\t\t\t<a href=https:\/\/remzisekerci.com\/metropol-gazetesi\/ title=\"Metropol Gazetesi\" tabindex=\"0\">Metropol Gazetesi<\/a>\t\t\t<\/h6>\n\t\t\t<a href=\"https:\/\/remzisekerci.com\/metropol-gazetesi\/\" target=\"_self\" rel=\"noopener\">Haberi Oku &#8594;<\/a>\t\t\n\t\t\t\t\t\t\t\t\t\t\t\t\t\t<a href=\"https:\/\/remzisekerci.com\/degirmicem-mahalle-muhtari-yilmaz-turkiye-bolgenin-yukselen-degeri-oldu\/\" target=\"_self\" title=\"De\u011firmi\u00e7em Mahalle Muhtar\u0131 Y\u0131lmaz T\u00fcrkiye B\u00f6lgenin Y\u00fckselen De\u011feri Oldu\" rel=\"noopener\">\n\t\t\t\t<img decoding=\"async\" src=\"https:\/\/remzisekerci.com\/wp-content\/uploads\/2023\/12\/yukselen-degeri-gazete-1.jpg\" alt=\"\" \/>\n\t\t\t\t<\/a>\n\t\t\t\t\t\t<h6>\n\t\t\t\t<a href=https:\/\/remzisekerci.com\/degirmicem-mahalle-muhtari-yilmaz-turkiye-bolgenin-yukselen-degeri-oldu\/ title=\"De\u011firmi\u00e7em Mahalle Muhtar\u0131 Y\u0131lmaz T\u00fcrkiye B\u00f6lgenin Y\u00fckselen De\u011feri Oldu\" tabindex=\"0\">De\u011firmi\u00e7em Mahalle Muhtar\u0131 Y\u0131lmaz T\u00fcrkiye B\u00f6lgenin Y\u00fckselen De\u011feri Oldu<\/a>\t\t\t<\/h6>\n\t\t\t<a href=\"https:\/\/remzisekerci.com\/degirmicem-mahalle-muhtari-yilmaz-turkiye-bolgenin-yukselen-degeri-oldu\/\" target=\"_self\" rel=\"noopener\">Haberi Oku &#8594;<\/a>\t\t\n\t\t\t\t\t\t\t\t\t\t\t\t\t\t<a href=\"https:\/\/remzisekerci.com\/dogus-gazetesi-kurumsal-muhtarlik\/\" target=\"_self\" title=\"Do\u011fu\u015f Gazetesi Kurumsal Muhtarl\u0131k\" rel=\"noopener\">\n\t\t\t\t<img decoding=\"async\" src=\"https:\/\/remzisekerci.com\/wp-content\/uploads\/2023\/12\/dogus-gazate-kurumsal-muhtarlik-.jpg\" alt=\"\" \/>\n\t\t\t\t<\/a>\n\t\t\t\t\t\t<h6>\n\t\t\t\t<a href=https:\/\/remzisekerci.com\/dogus-gazetesi-kurumsal-muhtarlik\/ title=\"Do\u011fu\u015f Gazetesi Kurumsal Muhtarl\u0131k\" tabindex=\"0\">Do\u011fu\u015f Gazetesi Kurumsal Muhtarl\u0131k<\/a>\t\t\t<\/h6>\n\t\t\t<a href=\"https:\/\/remzisekerci.com\/dogus-gazetesi-kurumsal-muhtarlik\/\" target=\"_self\" rel=\"noopener\">Haberi Oku &#8594;<\/a>\t\t\n\n","protected":false},"excerpt":{"rendered":"<p>1994 Yerel se\u00e7imin \u00fclkemize, \u015fehrimize &hellip;<\/p>\n<p class=\"read-more\"> <a class=\"\" href=\"https:\/\/remzisekerci.com\/?page_id=25107\"> <span class=\"screen-reader-text\">Bas\u0131nda Biz<\/span> Read More \u00bb<\/a><\/p>\n","protected":false},"author":1,"featured_media":0,"parent":0,"menu_order":0,"comment_status":"closed","ping_status":"closed","template":"","meta":{"_uag_custom_page_level_css":"","site-sidebar-layout":"no-sidebar","site-content-layout":"page-builder","ast-site-content-layout":"full-width-container","site-content-style":"unboxed","site-sidebar-style":"unboxed","ast-global-header-display":"","ast-banner-title-visibility":"","ast-main-header-display":"","ast-hfb-above-header-display":"","ast-hfb-below-header-display":"","ast-hfb-mobile-header-display":"","site-post-title":"disabled","ast-breadcrumbs-content":"","ast-featured-img":"disabled","footer-sml-layout":"","theme-transparent-header-meta":"","adv-header-id-meta":"","stick-header-meta":"","header-above-stick-meta":"","header-main-stick-meta":"","header-below-stick-meta":"","astra-migrate-meta-layouts":"set","ast-page-background-enabled":"default","ast-page-background-meta":{"desktop":{"background-color":"","background-image":"","background-repeat":"repeat","background-position":"center center","background-size":"auto","background-attachment":"scroll","background-type":"","background-media":"","overlay-type":"","overlay-color":"","overlay-gradient":""},"tablet":{"background-color":"","background-image":"","background-repeat":"repeat","background-position":"center center","background-size":"auto","background-attachment":"scroll","background-type":"","background-media":"","overlay-type":"","overlay-color":"","overlay-gradient":""},"mobile":{"background-color":"","background-image":"","background-repeat":"repeat","background-position":"center center","background-size":"auto","background-attachment":"scroll","background-type":"","background-media":"","overlay-type":"","overlay-color":"","overlay-gradient":""}},"ast-content-background-meta":{"desktop":{"background-color":"var(--ast-global-color-5)","background-image":"","background-repeat":"repeat","background-position":"center center","background-size":"auto","background-attachment":"scroll","background-type":"","background-media":"","overlay-type":"","overlay-color":"","overlay-gradient":""},"tablet":{"background-color":"var(--ast-global-color-5)","background-image":"","background-repeat":"repeat","background-position":"center center","background-size":"auto","background-attachment":"scroll","background-type":"","background-media":"","overlay-type":"","overlay-color":"","overlay-gradient":""},"mobile":{"background-color":"var(--ast-global-color-5)","background-image":"","background-repeat":"repeat","background-position":"center center","background-size":"auto","background-attachment":"scroll","background-type":"","background-media":"","overlay-type":"","overlay-color":"","overlay-gradient":""}},"_joinchat":[],"footnotes":""},"class_list":["post-25107","page","type-page","status-publish","hentry"],"yoast_head":"<!-- This site is optimized with the Yoast SEO plugin v21.6 - https:\/\/yoast.com\/wordpress\/plugins\/seo\/ -->\n<title>Bas\u0131nda Biz - Remzi \u015eEKERC\u0130<\/title>\n<meta name=\"robots\" content=\"index, follow, max-snippet:-1, max-image-preview:large, max-video-preview:-1\" \/>\n<link rel=\"canonical\" href=\"https:\/\/remzisekerci.com\/?page_id=25107\" \/>\n<meta property=\"og:locale\" content=\"tr_TR\" \/>\n<meta property=\"og:type\" content=\"article\" \/>\n<meta property=\"og:title\" content=\"Bas\u0131nda Biz - Remzi \u015eEKERC\u0130\" \/>\n<meta property=\"og:description\" content=\"1994 Yerel se\u00e7imin \u00fclkemize, \u015fehrimize &hellip; Bas\u0131nda Biz Read More \u00bb\" \/>\n<meta property=\"og:url\" content=\"https:\/\/remzisekerci.com\/?page_id=25107\" \/>\n<meta property=\"og:site_name\" content=\"Remzi \u015eEKERC\u0130\" \/>\n<meta property=\"article:modified_time\" content=\"2023-12-14T14:44:39+00:00\" \/>\n<meta property=\"og:image\" content=\"https:\/\/remzisekerci.com\/wp-content\/uploads\/2023\/12\/WhatsApp-Image-2023-12-12-at-16.36.38.jpeg\" \/>\n<meta name=\"twitter:card\" content=\"summary_large_image\" \/>\n<meta name=\"twitter:label1\" content=\"Tahmini okuma s\u00fcresi\" \/>\n\t<meta name=\"twitter:data1\" content=\"1 dakika\" \/>\n<script type=\"application\/ld+json\" class=\"yoast-schema-graph\">{\"@context\":\"https:\/\/schema.org\",\"@graph\":[{\"@type\":\"WebPage\",\"@id\":\"https:\/\/remzisekerci.com\/?page_id=25107\",\"url\":\"https:\/\/remzisekerci.com\/?page_id=25107\",\"name\":\"Bas\u0131nda Biz - Remzi \u015eEKERC\u0130\",\"isPartOf\":{\"@id\":\"https:\/\/remzisekerci.com\/#website\"},\"datePublished\":\"2023-11-27T19:49:36+00:00\",\"dateModified\":\"2023-12-14T14:44:39+00:00\",\"breadcrumb\":{\"@id\":\"https:\/\/remzisekerci.com\/?page_id=25107#breadcrumb\"},\"inLanguage\":\"tr\",\"potentialAction\":[{\"@type\":\"ReadAction\",\"target\":[\"https:\/\/remzisekerci.com\/?page_id=25107\"]}]},{\"@type\":\"BreadcrumbList\",\"@id\":\"https:\/\/remzisekerci.com\/?page_id=25107#breadcrumb\",\"itemListElement\":[{\"@type\":\"ListItem\",\"position\":1,\"name\":\"Anasayfa\",\"item\":\"https:\/\/remzisekerci.com\/\"},{\"@type\":\"ListItem\",\"position\":2,\"name\":\"Bas\u0131nda Biz\"}]},{\"@type\":\"WebSite\",\"@id\":\"https:\/\/remzisekerci.com\/#website\",\"url\":\"https:\/\/remzisekerci.com\/\",\"name\":\"Remzi \u015eEKERC\u0130\",\"description\":\"\u015eimdi Akhisar \u0130\u00e7in...\",\"publisher\":{\"@id\":\"https:\/\/remzisekerci.com\/#organization\"},\"potentialAction\":[{\"@type\":\"SearchAction\",\"target\":{\"@type\":\"EntryPoint\",\"urlTemplate\":\"https:\/\/remzisekerci.com\/?s={search_term_string}\"},\"query-input\":\"required name=search_term_string\"}],\"inLanguage\":\"tr\"},{\"@type\":\"Organization\",\"@id\":\"https:\/\/remzisekerci.com\/#organization\",\"name\":\"Remzi \u015eEKERC\u0130\",\"url\":\"https:\/\/remzisekerci.com\/\",\"logo\":{\"@type\":\"ImageObject\",\"inLanguage\":\"tr\",\"@id\":\"https:\/\/remzisekerci.com\/#\/schema\/logo\/image\/\",\"url\":\"https:\/\/remzisekerci.com\/wp-content\/uploads\/2023\/12\/cropped-cropped-Basliksiz-9.png\",\"contentUrl\":\"https:\/\/remzisekerci.com\/wp-content\/uploads\/2023\/12\/cropped-cropped-Basliksiz-9.png\",\"width\":2050,\"height\":596,\"caption\":\"Remzi \u015eEKERC\u0130\"},\"image\":{\"@id\":\"https:\/\/remzisekerci.com\/#\/schema\/logo\/image\/\"}}]}<\/script>\n<!-- \/ Yoast SEO plugin. -->","yoast_head_json":{"title":"Bas\u0131nda Biz - Remzi \u015eEKERC\u0130","robots":{"index":"index","follow":"follow","max-snippet":"max-snippet:-1","max-image-preview":"max-image-preview:large","max-video-preview":"max-video-preview:-1"},"canonical":"https:\/\/remzisekerci.com\/?page_id=25107","og_locale":"tr_TR","og_type":"article","og_title":"Bas\u0131nda Biz - Remzi \u015eEKERC\u0130","og_description":"1994 Yerel se\u00e7imin \u00fclkemize, \u015fehrimize &hellip; Bas\u0131nda Biz Read More \u00bb","og_url":"https:\/\/remzisekerci.com\/?page_id=25107","og_site_name":"Remzi \u015eEKERC\u0130","article_modified_time":"2023-12-14T14:44:39+00:00","og_image":[{"url":"https:\/\/remzisekerci.com\/wp-content\/uploads\/2023\/12\/WhatsApp-Image-2023-12-12-at-16.36.38.jpeg"}],"twitter_card":"summary_large_image","twitter_misc":{"Tahmini okuma s\u00fcresi":"1 dakika"},"schema":{"@context":"https:\/\/schema.org","@graph":[{"@type":"WebPage","@id":"https:\/\/remzisekerci.com\/?page_id=25107","url":"https:\/\/remzisekerci.com\/?page_id=25107","name":"Bas\u0131nda Biz - Remzi \u015eEKERC\u0130","isPartOf":{"@id":"https:\/\/remzisekerci.com\/#website"},"datePublished":"2023-11-27T19:49:36+00:00","dateModified":"2023-12-14T14:44:39+00:00","breadcrumb":{"@id":"https:\/\/remzisekerci.com\/?page_id=25107#breadcrumb"},"inLanguage":"tr","potentialAction":[{"@type":"ReadAction","target":["https:\/\/remzisekerci.com\/?page_id=25107"]}]},{"@type":"BreadcrumbList","@id":"https:\/\/remzisekerci.com\/?page_id=25107#breadcrumb","itemListElement":[{"@type":"ListItem","position":1,"name":"Anasayfa","item":"https:\/\/remzisekerci.com\/"},{"@type":"ListItem","position":2,"name":"Bas\u0131nda Biz"}]},{"@type":"WebSite","@id":"https:\/\/remzisekerci.com\/#website","url":"https:\/\/remzisekerci.com\/","name":"Remzi \u015eEKERC\u0130","description":"\u015eimdi Akhisar \u0130\u00e7in...","publisher":{"@id":"https:\/\/remzisekerci.com\/#organization"},"potentialAction":[{"@type":"SearchAction","target":{"@type":"EntryPoint","urlTemplate":"https:\/\/remzisekerci.com\/?s={search_term_string}"},"query-input":"required name=search_term_string"}],"inLanguage":"tr"},{"@type":"Organization","@id":"https:\/\/remzisekerci.com\/#organization","name":"Remzi \u015eEKERC\u0130","url":"https:\/\/remzisekerci.com\/","logo":{"@type":"ImageObject","inLanguage":"tr","@id":"https:\/\/remzisekerci.com\/#\/schema\/logo\/image\/","url":"https:\/\/remzisekerci.com\/wp-content\/uploads\/2023\/12\/cropped-cropped-Basliksiz-9.png","contentUrl":"https:\/\/remzisekerci.com\/wp-content\/uploads\/2023\/12\/cropped-cropped-Basliksiz-9.png","width":2050,"height":596,"caption":"Remzi \u015eEKERC\u0130"},"image":{"@id":"https:\/\/remzisekerci.com\/#\/schema\/logo\/image\/"}}]}},"uagb_featured_image_src":{"full":false,"thumbnail":false,"medium":false,"medium_large":false,"large":false,"1536x1536":false,"2048x2048":false},"uagb_author_info":{"display_name":"admin","author_link":"https:\/\/remzisekerci.com\/?author=1"},"uagb_comment_info":0,"uagb_excerpt":"1994 Yerel se\u00e7imin \u00fclkemize, \u015fehrimize &hellip; Bas\u0131nda Biz Read More \u00bb","_links":{"self":[{"href":"https:\/\/remzisekerci.com\/index.php?rest_route=\/wp\/v2\/pages\/25107","targetHints":{"allow":["GET"]}}],"collection":[{"href":"https:\/\/remzisekerci.com\/index.php?rest_route=\/wp\/v2\/pages"}],"about":[{"href":"https:\/\/remzisekerci.com\/index.php?rest_route=\/wp\/v2\/types\/page"}],"author":[{"embeddable":true,"href":"https:\/\/remzisekerci.com\/index.php?rest_route=\/wp\/v2\/users\/1"}],"replies":[{"embeddable":true,"href":"https:\/\/remzisekerci.com\/index.php?rest_route=%2Fwp%2Fv2%2Fcomments&post=25107"}],"version-history":[{"count":5,"href":"https:\/\/remzisekerci.com\/index.php?rest_route=\/wp\/v2\/pages\/25107\/revisions"}],"predecessor-version":[{"id":25382,"href":"https:\/\/remzisekerci.com\/index.php?rest_route=\/wp\/v2\/pages\/25107\/revisions\/25382"}],"wp:attachment":[{"href":"https:\/\/remzisekerci.com\/index.php?rest_route=%2Fwp%2Fv2%2Fmedia&parent=25107"}],"curies":[{"name":"wp","href":"https:\/\/api.w.org\/{rel}","templated":true}]}}